{"id":34,"date":"2020-05-29T08:15:49","date_gmt":"2020-05-29T06:15:49","guid":{"rendered":"http:\/\/metalchimie.fr\/?page_id=34"},"modified":"2025-09-10T15:21:27","modified_gmt":"2025-09-10T13:21:27","slug":"34-2","status":"publish","type":"page","link":"https:\/\/vpmetalchimie.com\/","title":{"rendered":"Home"},"content":{"rendered":"\n<img src=\"https:\/\/metalchimie.fr\/wp-content\/uploads\/2020\/05\/met-alchimie-logotype-dark-mode-1024x112.png\" alt=\"met-alchimie-logotype-dark-mode\" itemprop=\"image\" height=\"112\" width=\"1024\" title=\"met-alchimie-logotype-dark-mode\" onerror=\"this.style.display='none'\">\n\t\t\t<a href=\"https:\/\/metalchimie.fr\/index.php\/demande-de-devis\/\" target=\"_self\" role=\"button\" rel=\"noopener\">\n\t\t\t\t\t\t\tDEMANDER UN DEVIS\n\t\t\t\t\t<\/a>\n\t\t<ul id=\"menu-menu\"><li id=\"menu-item-139\"><a href=\"https:\/\/metalchimie.fr\/\" aria-current=\"page\" tabindex=\"0\" role=\"link\">Accueil<\/a><\/li>\n<li id=\"menu-item-375\"><a href=\"https:\/\/metalchimie.fr\/index.php\/actualites-2\/\" tabindex=\"0\" role=\"link\">Actualit\u00e9s<\/a><\/li>\n<li id=\"menu-item-374\"><a href=\"https:\/\/metalchimie.fr\/index.php\/secteur-dactivites\/\" tabindex=\"0\" role=\"link\">Secteur d\u2019activit\u00e9s<\/a><\/li>\n<li id=\"menu-item-373\"><a href=\"https:\/\/metalchimie.fr\/index.php\/parc-machines\/\" tabindex=\"0\" role=\"link\">Parc machines<\/a><\/li>\n<li id=\"menu-item-372\"><a href=\"https:\/\/metalchimie.fr\/index.php\/nos-realisations\/\" tabindex=\"0\" role=\"link\">Nos r\u00e9alisations<\/a><\/li>\n<li id=\"menu-item-408\"><a href=\"https:\/\/metalchimie.fr\/index.php\/engagement-qualite-environnement\/\" tabindex=\"0\" role=\"link\">Engagement qualit\u00e9 \/ environnement<\/a><\/li>\n<li id=\"menu-item-136\"><a href=\"https:\/\/metalchimie.fr\/index.php\/contact\/\" tabindex=\"0\" role=\"link\">Contact<\/a><\/li>\n<li id=\"menu-item-503\"><a href=\"https:\/\/metalchimie.fr\/index.php\/recrutement\/\" tabindex=\"0\" role=\"link\">Recrutement<\/a><\/li>\n<\/ul>\n\t\n","protected":false},"excerpt":{"rendered":"<p>DEMANDER UN DEVIS Accueil Actualit\u00e9s Secteur d\u2019activit\u00e9s Parc machines Nos r\u00e9alisations Engagement qualit\u00e9 \/ environnement Contact Recrutement<\/p>\n","protected":false},"author":4,"featured_media":0,"parent":0,"menu_order":0,"comment_status":"closed","ping_status":"closed","template":"","meta":{"site-sidebar-layout":"default","site-content-layout":"default","ast-main-header-display":"disabled","ast-hfb-above-header-display":"","ast-hfb-below-header-display":"","ast-hfb-mobile-header-display":"","site-post-title":"disabled","ast-breadcrumbs-content":"disabled","ast-featured-img":"","footer-sml-layout":"","theme-transparent-header-meta":"default","adv-header-id-meta":"","stick-header-meta":"","header-above-stick-meta":"","header-main-stick-meta":"","header-below-stick-meta":""},"_links":{"self":[{"href":"https:\/\/vpmetalchimie.com\/index.php\/wp-json\/wp\/v2\/pages\/34"}],"collection":[{"href":"https:\/\/vpmetalchimie.com\/index.php\/wp-json\/wp\/v2\/pages"}],"about":[{"href":"https:\/\/vpmetalchimie.com\/index.php\/wp-json\/wp\/v2\/types\/page"}],"author":[{"embeddable":true,"href":"https:\/\/vpmetalchimie.com\/index.php\/wp-json\/wp\/v2\/users\/4"}],"replies":[{"embeddable":true,"href":"https:\/\/vpmetalchimie.com\/index.php\/wp-json\/wp\/v2\/comments?post=34"}],"version-history":[{"count":6,"href":"https:\/\/vpmetalchimie.com\/index.php\/wp-json\/wp\/v2\/pages\/34\/revisions"}],"predecessor-version":[{"id":968,"href":"https:\/\/vpmetalchimie.com\/index.php\/wp-json\/wp\/v2\/pages\/34\/revisions\/968"}],"wp:attachment":[{"href":"https:\/\/vpmetalchimie.com\/index.php\/wp-json\/wp\/v2\/media?parent=34"}],"curies":[{"name":"wp","href":"https:\/\/api.w.org\/{rel}","templated":true}]}}